 Is k(-3) composite?
False
Suppose 4*l - u + 144036 = 5*l, -4*l = 9*u - 576169. Is l a composite number?
False
Is ((-2)/((-10)/(-306655)))/(7/(-21)) a composite number?
True
Let i(a) = a**3 + 10*a**2 - 23*a + 9. Suppose -13*w - 30 = 61. Is i(w) a prime number?
True
Suppose -565*o + 566*o - 3*w - 30797 = 0, 3*w = 4*o - 123116. Is o composite?
False
Suppose 4*a - 997 + 1105 = 0. Is (-210186)/a*9*(-1)/(-6) a composite number?
False
Suppose -5*n - 116013 = -4*j, -5*j - 4*n + 100476 = -44489. Is j composite?
True
Let i = 8141 - -1182. Is i a prime number?
True
Let x be (-1)/((-24)/(-4856))*3. Let j = 1924 - x. Is j a composite number?
False
Let w(r) = -3*r + 26. Let m be w(7). Let t be -5*(-1 + -3 + 1148/m). Let a = 23 - t. Is a prime?
True
Let r = -26810 - -45971. Suppose 19*i + r = 112318. Is i a composite number?
False
Suppose -228 = 4*m + 2*a, 2*m + 4*a + 94 = -20. Let z = m + 61. Suppose 4*x + 2*i = 2208, -x + 0*x + z*i + 543 = 0. Is x a prime number?
False
Let q = 2 + -2. Suppose -4*b + 681 = 4*s - 3611, q = -s. Is b a composite number?
True
Suppose -4*m + 45164 = -0*q + 4*q, 0 = -3*q + 3*m + 33897. Suppose -5*h = n - 7179 - q, 0 = -h - 2*n + 3702. Is h composite?
True
Let z(f) = -93*f + 31. Suppose -5*j + 10 = 5*i, 5*i - 3*j + 13 + 1 = 0. Let r = -27 - i. Is z(r) a composite number?
True
Suppose -4*i = -59 + 39. Suppose i*h - 2730 = -0*h. Suppose -681 - h = -3*u. Is u composite?
False
Let n = 54 - 46. Let h be ((-162)/n)/(2*(-2)/192). Suppose -b = -2*d - 2*b + 641, 5*b - h = -3*d. Is d composite?
True
Let d(h) = -25*h + 130. Let x be d(5). Suppose 15501 = x*w - 17614. Is w a composite number?
True
Let w(s) = -235977*s + 1578. Is w(-3) a prime number?
False
Suppose 0 = 104*u - 15274042 - 11681310 + 2053488. Is u composite?
False
Let f(g) = 3239*g**3 + 2*g**2 + 21*g - 1. Is f(5) prime?
True
Let a(n) = 81*n**2 + 19 - 101*n**2 + 237*n**2. Is a(-8) prime?
True
Suppose 14*v = 12*v + 20. Suppose 5*t - s = -0 + v, 5*s = 0. Suppose -4*g = 2*x - t*g - 50, 3*g - 6 = 0. Is x a composite number?
False
Suppose 0 = -2*h - 2*g + 34880, 41*g + 12 = 37*g. Is h a composite number?
False
Suppose -a - 72531 = -10*a. Is a a composite number?
False
Suppose 0 = -2*i - 91 + 89. Let y be i + 5764 + -21 + 24. Suppose 4*n - y = 15638. Is n a composite number?
False
Let u(m) = m - 1. Let y(n) = 7*n + 16. Let v(h) = -6*u(h) + y(h). Let i be v(-17). Suppose -i*z - 6*z = -15389. Is z a prime number?
True
Let r(q) = 6647*q + 997. Is r(6) a prime number?
True
Suppose 3*q - 33 = 4*v, 2*v + 6*q = 2*q - 22. Let c = 2 - v. Suppose w - 10 = c. Is w a composite number?
True
Suppose -5*n = -2*a + 14, -4*n - 20 + 2 = -5*a. Let v(z) = 9096*z + 25. Is v(a) a prime number?
True
Suppose 4*n = 8 + 56. Suppose 0 = -c + n*c - 8805. Is c composite?
False
Suppose -35*q + 12365964 = -5754040 + 2556239. Is q prime?
False
Let a(w) = -2*w**2 - 5*w + 2. Let o be a(-3). Let u be (o - -2) + 2/2. Is (-1)/(u - (0 + 6156/3076)) composite?
False
Suppose 50 = 4*n + 2*p, -15 = 4*n - 4*p - 59. Suppose -32 = -4*k + n*k. Is k/10 - 2487/(-5) a prime number?
False
Suppose -x - 4*w = -4873, -4*x + 1396 = -4*w - 18176. Let m = -2686 + x. Is m composite?
False
Suppose 4*b - 57*i = -52*i + 502308, 0 = -4*b - 3*i + 502340. Is b a prime number?
False
Let b be (-5)/(((-105)/78)/7). Is 17*29*b - (-4 + 1) prime?
True
Let t = -24631 - -42632. Is t prime?
False
Suppose 0 = 4*r - 5*t - 151186, 8*r - 15*t = -11*t + 302384. Is r a prime number?
True
Let k = 98 - 99. Let v be 2*k/2 + 4. Suppose -v*r = -4*m - 7509, 2*r - 6555 = -m - 1549. Is r a prime number?
True
Suppose -22*a - 47566 = -2*h - 27*a, -118915 = -5*h - 5*a. Is h a prime number?
False
Let n(l) = l**3 + l + 1. Suppose 5*j - 5 = 10. Let o(m) = m**3 - 3*m + 538. Let q(t) = j*n(t) + o(t). Is q(0) a composite number?
False
Suppose 4*g + 0*g = 5*a + 72, -47 = -3*g + 2*a. Let h be g + -12 - (1 - 0). Suppose h*m + 3*j - 2254 = -5*m, -5*m = 2*j - 2251. Is m a composite number?
False
Let u(h) = 2*h**2 + 14*h + 3. Let v be u(-7). Suppose 3*s = -v*f + 19632, 0 = s - 2*s + 4*f + 6559. Is s prime?
True
Suppose 0 = -26*c - 8*c + 58548. Let t = c + -827. Is t prime?
False
Let k(t) = 30*t**2 + 22*t + 119. Is k(-30) a prime number?
True
Suppose -11*a - 2*c + 3136895 = 0, 71*a - 5*c = 70*a + 285193. Is a a prime number?
False
Suppose -10 = -15*v + 13*v. Suppose -3*y - 5*f = -18239, v*f + 24372 = 4*y + f. Let w = y - 1839. Is w a prime number?
False
Suppose 29*p - 2079793 = -q + 31*p, p + 2079789 = q. Is q a prime number?
False
Let h = 65519 - 45614. Suppose 5*n = 5*z - 19900, -5*z + h = -9*n + 5*n. Is z a composite number?
True
Let v(u) be the second derivative of 2641*u**3/6 - 28*u**2 + 268*u. Is v(3) composite?
False
Suppose -7*l + 11*u = 6*u - 99776, -3*l + 3*u + 42762 = 0. Is l a composite number?
True
Let p = -505620 - -836069. Is p a prime number?
False
Let v = -7677 - -112706. Is v a prime number?
False
Suppose -19*b + 656237 = -2080352. Is b a composite number?
False
Let o = 31 + -30. Let r be (-1 - -1)/(-4) - o. Is 22*((-87)/(-2) - r) composite?
True
Let r = -32 + 33. Let a be (0 + r)/(-4 + 45/10). Is (1 - (-3)/(-2))*(-108 + a) a prime number?
True
Suppose -12 = -v + 8. Suppose -3*l = 5*h - 5*l - 28, -5*l = v. Suppose 6*f = f - h*r + 4447, -f + 878 = -3*r. Is f a composite number?
False
Suppose 2*t = -8, -2*o + 4*t + 84469 = o. Is o composite?
False
Let p be (-6)/(-9) - 4*(-8)/6. Suppose -5*c + 2*l + 28232 = 0, -6 = -3*l + p. Suppose 4*k = v + 5640, 0 = -4*k + v + 2*v + c. Is k a composite number?
False
Let x(m) = 7564*m**2 - 2*m - 59. Is x(-3) prime?
True
Is -1 - (-25)/60*-6*36337088/(-40) prime?
True
Let f(t) = 12 - 16 + 4*t + 3*t + 4*t**2 + 9 + 11*t. Suppose -2*q + 46 = -4*n, -3*n + 0*q - q - 32 = 0. Is f(n) composite?
True
Suppose 5*w - 2171 = -2*t, -1832 = 4*t + w - 6147. Let h(k) = -54*k + 5. Let i be h(-3). Let p = t - i. Is p a composite number?
False
Let h = 16637 + -9226. Is h a prime number?
True
Let j(z) = -299*z - 33*z + 1 - 8. Suppose -13*x + 71*x = -174. Is j(x) prime?
False
Let q(p) = -p**3 - 30*p**2 + 101*p - 43. Let n(v) = -v**3 - 30*v**2 + 100*v - 43. Let w(b) = -4*n(b) + 3*q(b). Is w(-30) a composite number?
False
Suppose 4*o - 38 - 74 = 0. Let r be 8/(-28) + 940*4/o. Let n = 2711 + r. Is n composite?
True
Let o(s) = -s**3 + 11*s**2 - 6*s + 13. Let v be o(8). Suppose -443 = -4*h + v. Suppose -6*b = -1344 + h. Is b a composite number?
False
Suppose -4480494 = -104*r + 89*r + 1512711. Is r a composite number?
True
Let r(s) = s**3 + s. Suppose 0*k - 15 = -a + 2*k, -15 = 3*k. Let v(h) = -132*h**3 - h**2 - 5*h + 1. Let p(c) = a*r(c) + v(c). Is p(-1) a prime number?
True
Suppose -13*s = -12*s - 62273. Is s composite?
False
Is ((-22)/154)/((-6209976)/(-1241996) - 5) composite?
False
Let i(u) = 25222*u - 741. Is i(11) composite?
True
Let z(x) = x**3 + 23*x**2 - 52*x - 56. Let b be z(-25). Is (b/8)/((-36)/943728) composite?
False
Let u = 68208 + -42799. Is u a composite number?
False
Suppose 2313233 = 108*s - 5627683. Is s a composite number?
True
Suppose 4*t = p - 18176, -49344 = -4*p + 5*t + 23316. Suppose 7*q - p = 1993. Is q a prime number?
True
Suppose -2*i + 3*r + 80182 = 0, -3*i - r + 120273 = -0*r. Is i a composite number?
True
Let s = 34942 - 1151. Is s a prime number?
True
Let o be -1 + -1 - (-1625)/5. Suppose 0 = 4*u + 837 + o. Let h = u + 539. Is h a prime number?
False
Let h(q) = -527*q + 516. Is h(-23) a composite number?
False
Let u = 227374 - 155537. Is u a composite number?
False
Suppose 5*n = -x + 4874513, 6*n = 2*n - x + 3899610. Is n prime?
False
Let t = 4855 - -549. Let v = -3431 + t. Is v a prime number?
True
Let a(l) = 45*l + 877. Is a(32) a composite number?
True
Is ((-206776)/(-3))/8*27 + 6 composite?
True
Let t = 24386 + 5797. Is t prime?
False
Let g(q) = -187*q**3 - q - 1. Let z be g(-1). Suppose 0 = -0*p - 2*p - 4*a + 18, -5*a + 26 = -p. Is -3 + (z - (-2 + p)) a prime number?
False
Let r(a) = -292*a - 1199. Is r(-12) prime?
False
Let y be 3/2*(-3 - -5). Suppose -24134 = y*h - 25*h. Is h a composite number?
False
Let v(g) = 2*g**3 - 14*g**2 - 3*g - 6. Let i be v(7). Let a be 111354/i - (-10)/45. Let d = -2277 - a. Is d a composite number?
False
Suppose 5*h - 40 = -5*o, -2*o - h + 3*h + 16 = 0. Let x be ((-2586)/o)/(5/(-60) + 0).